) = -25*q + 7. What is the units digit of p(-5)?
2
Let s = 12 - 12. Suppose -4*p + 2*z + 12 = p, p + 4*z - 20 = s. Let r = p + 17. What is the units digit of r?
1
Let z(x) = x**3 + 8*x**2 - 17*x + 10. Let y(k) = -k. Let i(v) = -6*y(v) + z(v). What is the hundreds digit of i(-7)?
1
Let m = 562 - 155. What is the tens digit of m?
0
Suppose 4*f + 143 = -353. Let x = -57 - f. What is the tens digit of x?
6
Let t(u) = -4*u - 3 - 7 + 3. Suppose -z + 4*d + 15 = 0, -5*d = 4*z - 9*z. What is the tens digit of t(z)?
1
Let b = -995 - -2220. What is the units digit of b?
5
Let f = -32 + 20. Let i(m) = -19*m. Let o be i(f). Suppose 0*x - 4*x + 2*p = -240, 4*p - o = -4*x. What is the units digit of x?
9
Suppose 2*x = -4*n + 1754, 38*x - 875 = -2*n + 39*x. What is the units digit of n?
8
Suppose 7*v - 1132 = 4223. What is the hundreds digit of v?
7
Let y = -12 + 13. What is the tens digit of y*(-1 - -39) + 2?
4
Suppose -r + 22 = 4*h - 39, 4*r = 4. What is the tens digit of h?
1
Let l(u) = 9*u - 7. Let v(w) = -9*w + 6. Let h(q) = -2*l(q) - 3*v(q). Suppose -2*r = -o + 14, -o - 3*r - 3 = 8. What is the units digit of h(o)?
2
Let a(l) = l**3 + 5*l**2 - 2*l - 8. Let i be a(-5). Suppose 5*b = -5*v + 5, 5*v = -4*b + i*v + 8. Suppose b*s - 4 = 11. What is the units digit of s?
3
Suppose 4*q = -0*q + h + 1956, 5*h = 4*q - 1956. What is the units digit of q?
9
Let d(i) = -i**3 + 6*i**2 - 3*i - 236. What is the thousands digit of d(-12)?
2
Suppose 0 = -2*a + 24 + 30. Let q be 8/2*a/6. What is the units digit of 532/36 + 4/q?
5
Let p(b) = b**3 + 8*b**2 + 11*b + 10. Let c be p(-7). What is the units digit of (1164/c)/((-6)/9)?
7
What is the hundreds digit of 6 + 225 - 4/8*-4?
2
Let x be -4*(0 + 139/4 - 2). Let b = x - -227. What is the tens digit of b?
9
Let d(g) = -g**3 + g**2 - g + 26. Let m be d(0). Suppose -2*n + 8 = -16. Suppose -l + 2*s = -n, -4*l + 11 = 3*s - m. What is the units digit of l?
0
Suppose 5136 = -2*j + 14*j. What is the hundreds digit of j?
4
Let q(v) = 87*v + 85. What is the thousands digit of q(17)?
1
Suppose 0 = -0*i - i + 2*f + 1060, 1048 = i + f. Suppose -y + 279 = -5*s, 5*s + i = 4*y + s. What is the units digit of y?
9
Suppose -2*k - 81 - 659 = 0. Let z = k - -539. Suppose 4*o = -5 + z. What is the units digit of o?
1
Let x(a) = -a**3 - 8*a**2 - 8*a + 8. Suppose 8*c + 29 = -27. What is the tens digit of x(c)?
1
Let d be (0 + 0)/(-4 - -3). Suppose 3*o - 241 = -4*c, 0 = -4*o - d*c - c + 317. What is the units digit of o?
9
Let n = -15 - -2. Let r(b) = -2*b**3 + 11*b**2 + 3*b + 10. Let m be r(8). What is the tens digit of (-1)/(-1)*m/n?
2
What is the units digit of (0 + -52)*(-4 - 520/16)?
8
Let w(n) = -n**2 + n - 5. Let j(y) = 2*y - 6. Let s be j(3). Let l be w(s). Let r(k) = -16*k - 15. What is the tens digit of r(l)?
6
Suppose -17 - 3 = -4*s. Suppose -s*o + 4*w = -29, -3*o + 3*w + 0*w = -18. Suppose -4*g + 44 = 4*z, 5*z - o*g - 26 = z. What is the units digit of z?
9
Let l(y) = 24*y - 5. Let n be l(5). Let i = n + -184. What is the tens digit of (i/(-4))/(18/48)?
4
What is the hundreds digit of 316*(35/(-2))/(-7)?
7
Let t = 621 + 246. What is the units digit of t?
7
Suppose -5*n + 42 = 262. Let w = n + 64. What is the units digit of 765/w - (-3)/(-12)?
8
Let u = 2559 - 5282. What is the units digit of (-3)/(-8) - u/56?
9
Suppose 4*c - 3*c = 147. Suppose -4*i - 83 = -5*n + c, -4*i = 0. What is the units digit of n?
6
Let y(k) be the third derivative of k**5/30 + k**4/4 - 5*k**3/6 + 8*k**2. Let v = -12 + 7. What is the tens digit of y(v)?
1
Suppose 15*t + 41*t - 121128 = 0. What is the tens digit of t?
6
Let h = 177 - 24. Suppose c = 4*q + h, 4*c + 5*q - 943 + 268 = 0. What is the units digit of c?
5
Let t = -3724 + 2035. What is the units digit of 7/28 + t/(-12)?
1
Let q(k) = -2*k**2 + 4. Let h be q(2). What is the tens digit of h/14 - (-3438)/126?
2
Suppose -71 = 3*n - 5*k, -5*n + k - 93 = -k. Let j = 19 + n. Let u(y) = 7*y**3 - y + 1. What is the units digit of u(j)?
5
Let g be (-16)/(-20)*(-50)/4. Let l be (-88)/g*(6 - 1). Suppose -r - r = -l. What is the units digit of r?
2
Let a(s) = -22*s**3 + 2*s**2 - 4*s. Let r be a(2). Let h(j) = -104*j**2 + 1. Let o be h(1). Let w = o - r. What is the units digit of w?
3
Let b be (1/1)/(3/90). Let r = b + -21. What is the units digit of r?
9
Suppose 5870 = 2*q + 2*v, 3*q - 3106 - 5700 = -2*v. What is the tens digit of q?
3
Suppose 0 = 4*q + 2*q - 6. Let h be q/((-3)/9*-1). Suppose 138 = -h*n + 6*n. What is the tens digit of n?
4
Let h(i) = -i**2 - 12*i - 8. Let l = -2 + -4. What is the units digit of h(l)?
8
Suppose 8*u = 5*u. Suppose 427 = 7*k - u*k. Let m = 2 + k. What is the units digit of m?
3
Let f(v) = 3*v**2 + 9*v - 4. Suppose 0 = -5*b - 2*w - 45, -5 = w - 0. What is the tens digit of f(b)?
8
Let y(q) = 8*q - 7. Let o(x) = -15*x + 14. Let c(z) = -3*o(z) - 5*y(z). Suppose 4*v + 2*t + 2*t - 28 = 0, -2*v + 5*t - 14 = 0. What is the units digit of c(v)?
8
Let u be (-10 - -7) + ((-6)/1)/(-2). Suppose u = -z + 65 - 7. What is the units digit of z?
8
Let c be 12/2 - (-7 - -5). Suppose -3*f + c = 2. What is the units digit of f/(0 - (-3)/9)?
6
Let u be 8/6*15/10. Suppose -u*g = 3*g + 10. Let v(y) = 6*y**2 + 4*y + 2. What is the units digit of v(g)?
8
Let a be (-3 + 5)*8 + 3. What is the units digit of (70/(-8))/(a/(-76))?
5
Let o(m) = -m**2 - 12*m - 15. Let i be o(-10). Suppose i*y - z = -6*z + 115, -2*y - z = -44. Suppose 3*b - 12 = y. What is the units digit of b?
1
Let d = 37 + -32. Suppose -5*o + 3*y = -d - 20, o - 3*y - 5 = 0. Suppose 3*l + 5*k - 29 = 2, o*l = 5*k + 25. What is the units digit of l?
7
Let a = 2 - -3. Let y = -8 + a. What is the units digit of y - (-4)/(12/15)?
2
Suppose n - 4 = -2, 1343 = 5*h - n. What is the tens digit of h?
6
Suppose s + 4*u - 22 = 0, -4*s - 70 = -8*s + 2*u. What is the tens digit of 4/s + ((-1508)/(-18) - -5)?
8
Let y = 23 + 1495. What is the hundreds digit of y?
5
Let p = -23 - -48. Let y(h) = 8*h - 2. Let j be y(6). Let i = j - p. What is the tens digit of i?
2
Suppose 5*x - 5*t - 390 = 0, 36 + 177 = 3*x + 4*t. Let m = -2 + x. Let b = m + -50. What is the units digit of b?
3
Let j = 1177 + -593. What is the tens digit of j?
8
Let s(f) = -f**3 - 15*f**2 - 36*f + 12. Let z be s(-12). Suppose -z*v - 1876 = -19*v. What is the tens digit of v?
6
Suppose 9*p - 8637 + 1518 = 0. Suppose 4*x - 570 = -3*u, -u - 3*u = -5*x - p. What is the units digit of u?
4
Let o(y) = -y**3 - 3*y**2 + 5*y + 6. Let t be o(-4). Let x be (-856)/(-16) - (-2)/4. What is the tens digit of x - (-8)/4 - t?
5
Suppose 0 = -3*u - 20 + 1250. Suppose -k + 6*k - u = 0. What is the units digit of k?
2
Let i(b) = -b**2 - 7*b + 4. Suppose -s = -2*m - 4*s - 23, 3 = -s. Let k be i(m). Suppose 2*g - 20 = p + p, k*p - 20 = -2*g. What is the tens digit of g?
1
Let u(z) = 9*z**3 + 3*z + 12. What is the hundreds digit of u(4)?
6
Let u = -97 + 162. Let s = 118 - u. What is the units digit of s?
3
Let q(w) = -w**3 - 7*w**2 + 5*w - 8. Let l = 10 - 14. Let o = -12 - l. What is the units digit of q(o)?
6
Let l = 99 - 4. Let f be (-1 + 60 - -2)/1. Let h = l - f. What is the units digit of h?
4
Let u be 4/(-18) + (-840)/(-135). What is the tens digit of (208/u - 0)*3?
0
What is the thousands digit of (2 - (-8855)/(-10))/((-6)/12)?
1
Let j = -20 + 24. Suppose j*s = s + 15. Suppose 4*n - 3*n - 49 = -2*k, -s*n + 245 = -3*k. What is the tens digit of n?
4
Let g = -402 - -575. What is the tens digit of g?
7
Let r be -1*3/9 - (-2918)/6. Suppose r = m + 8*m. What is the units digit of m?
4
Let q(c) = 4*c**2 + 5*c - 4. Let u be q(-4). Suppose -3*y + u = -2*y. What is the units digit of y?
0
Let c = -14 - -12. Let m be (0 - c)*1 - -88. Suppose o = 5*g - m, -2*o - 7 = -g + 2. What is the tens digit of g?
1
Suppose 3*h = 4*h + 1, -3*w + 1231 = -h. What is the hundreds digit of w?
4
Let h(j) = 6*j**2 - j - 6. Let k be h(6). Suppose 3*c + 150 = -3*f, f - 5*f = 3*c + k. Let u = f + 80. What is the units digit of u?
6
Let b = 26 - 4. Suppose 0 = 4*q - b - 14. What is the units digit of q?
9
Let w(i) = 28*i**2 - 3*i - 9 + 2*i - 26*i**2. What is the tens digit of w(-5)?
4
Let v(b) = b**2. Let u(f) = 35*f**2 - f. Let p(n) = -u(n) - v(n). Let x be p(-1). Let c = -21 - x. What is the units digit of c?
6
Suppose -5*j + 87 = 32. Let